{"id":89,"date":"2018-01-28T18:04:14","date_gmt":"2018-01-28T17:04:14","guid":{"rendered":"http:\/\/naturduenger.bio\/?page_id=89"},"modified":"2018-01-28T18:04:14","modified_gmt":"2018-01-28T17:04:14","slug":"verschiedene-duengekalke","status":"publish","type":"page","link":"https:\/\/naturduenger.bio\/index.php\/verschiedene-duengekalke\/","title":{"rendered":"Verschiedene D\u00fcngekalke"},"content":{"rendered":"<p><strong><u>\u00a0<\/u><\/strong><\/p>\n<p><strong><u>S\u00f6hlder Kreidekalk:<\/u><\/strong><\/p>\n<p>Dieser sogenannte kohlensaure Kalk wird aus den S\u00f6hlder Kreidekalk Vorkommen gewonnen und in verschiedenen Vermahlungen angeboten. Fein gemahlen oder staubarm mit der K\u00f6rnung 0 \u2013 4 mm werden gern in der Landwirtschaft eingesetzt. Die Staubarme k\u00f6rnige Variante erm\u00f6glicht Streubreiten bis 24 m. S\u00f6hlder Kreidekalk hat eine hohe Reaktivit\u00e4t und ist sehr weich.<\/p>\n<p>Die K\u00f6rnung 0-5 mm, davon mind. 40% durch 2 mm, endsprechend der Verordnung der europ\u00e4ischen Kommission, und leicht erdfeucht ist die ideale Variante um mit der Hand oder einem geeigneten Streuger\u00e4t im Garten ausgebracht zu werden. Die hohe Reaktivit\u00e4t des S\u00f6hlder Kreidekalk sorgt schnell f\u00fcr den gew\u00fcnschten pH \u2013 Wert und die K\u00f6rnung bis 5 mm garantiert eine langanhaltende Wirkung. Kreidekalk ist sehr weich und reagiert bis zu einem pH \u2013 Wert von 8 mit den im Boden befindlichen S\u00e4uren. Je nach Pflanzenart sollte der pH \u2013 Wert optimal eingestellt werden um der Pflanze die bestm\u00f6gliche N\u00e4hrstoffversorgung zu erm\u00f6glichen.<\/p>\n<p>S\u00f6hlder Kreidekalk f\u00f6rdert auch die Kr\u00fcmelstruktur des Bodens, die sogenannte Br\u00fccke zwischen den Humus- und Tonteilchen, und damit auch den Wasserhaushalt und Sauerstoffgehalt der Erden.<\/p>\n<p>&nbsp;<\/p>\n<p><strong><u>Kohlensaurer Kalk aus dem Harz<\/u><\/strong><\/p>\n<p>Dieser Kalk hat einen geringen Lehmanteil und, je nach Kundenwunsch, CaCO3 \u2013 Gehalte von 70 % bis 95 %. Der erdfeuchte Kalk eignet sich sowohl f\u00fcr die pH \u2013 Regulierung auf Acker und Gr\u00fcnland als auch als Matratzenkalk f\u00fcr Tiefboxen. Der Lehmanteil bindet Feuchtigkeit und unterst\u00fctz, besonders auf sandigen B\u00f6den, die Kr\u00fcmelstruktur und verhindert ein schnelles Auswaschen. Das durchgehend feine Material mit 90% unter 1 mm ist hoch reaktiv. Bei der Aufbereitung k\u00f6nnen auch K\u00fcgelchen bis 20 mm hergestellt werden, die eine gro\u00dfe Streuweite erm\u00f6glichen, bei Kontakt mit Wasser aber sofort auseinanderfallen. Diese Eigenschaft ist dem Lehmanteil zu verdanken.<\/p>\n<p>&nbsp;<\/p>\n<p>&nbsp;<\/p>\n<p><strong><u>Branntkalk gek\u00f6rnt:<\/u><\/strong><\/p>\n<p>Gek\u00f6rnter Branntkalk l\u00e4\u00dft sich, unter Beachtung der Sicherheitsvorschriften, gut mit der Hand oder geeigneten Streuger\u00e4ten ausbringen. Die Reaktivit\u00e4t ist noch h\u00f6her als beim Kreidekalk; d.h. der pH \u2013 Wert wird umgehend angehoben. Das kann bei \u201etotem Boden\u201c recht hilfreich sein. Nur Branntkalk hat das wertvolle CaO, welches die Br\u00fccke zwischen den Humus- und Tonpartikeln bildet und die Kr\u00fcmelstruktur f\u00f6rdert. In kohlensauren Kalken ist der CaO \u2013 Wert nur rechnerisch vorhanden, hier ist er real! Die Wirkung setzt sofort ein. Durch die hohe Reaktivit\u00e4t kann ich den pH \u2013 Wert umgehend an die Bed\u00fcrfnisse der Kultur anpassen!<\/p>\n<p>Au\u00dferdem werden pathogene Keime und Ungeziefer, in der oberen Bodenschicht, abget\u00f6tet. So k\u00f6nnen Pflanzenkrankheiten, wie die Kohlhernie (hervorgerufen durch zu h\u00e4ufigen Kohlanbau) auf nat\u00fcrliche Weise bek\u00e4mpft werden. Der pH \u2013 Wert steigt dabei bis auf 13 und es werden auch Maden und unliebsame W\u00fcrmer abget\u00f6tet. Da der Branntkalk aber keinen Unterschied zwischen guten und weniger guten Bodenlebewesen macht, sollte der Einsatz genau \u00fcberdacht sein. Haut, Augen und Atemwege m\u00fc\u00dfen vor Kontakt durch Handschuhe, Brille und eventuell Mundschutz, gesch\u00fctzt werden!<\/p>\n<p>Branntkalk reagiert schon mit geringster Feuchtigkeit und erhitz sich kurzfristig auf min. 70 Grad Celsius.<\/p>\n<p>&nbsp;<\/p>\n<p><strong><u>Mischkalk 50 feucht<\/u><\/strong><\/p>\n<p>Dieser Kalk verbindet die Langzeitwirkung eines kohlensauren Kalks mit der hohen Reaktivit\u00e4t eines gel\u00f6schten Branntkalks.<\/p>\n<p>FELS Mischkalk 50 -feucht- ist ein innovativer Kalkd\u00fcnger, welcher schnell und intensiv zur Bodenverbesserung beitr\u00e4gt. Nachhaltige Wirksamkeit steht an der ersten Stelle des Mischkalks 50 -feucht-. Au\u00dferdem nimmt er sich der Nutzung etablierter Ausbringungstechniken an.\u00a0\u00a0\u00a0\u00a0\u00a0\u00a0\u00a0\u00a0\u00a0\u00a0\u00a0\u00a0\u00a0\u00a0\u00a0\u00a0\u00a0\u00a0\u00a0\u00a0\u00a0\u00a0\u00a0\u00a0\u00a0\u00a0\u00a0\u00a0\u00a0\u00a0\u00a0 FELS Mischkalk 50 -feucht- eignet sich f\u00fcr alle Ackerb\u00f6den, vor allem aber f\u00fcr B\u00f6den mit Struktur- und Erosionsproblemen, da die Ca++Ionen die Bodenstruktur sofort stabilisieren.\u00a0\u00a0\u00a0\u00a0\u00a0\u00a0\u00a0\u00a0\u00a0\u00a0\u00a0\u00a0\u00a0\u00a0\u00a0\u00a0\u00a0\u00a0\u00a0\u00a0\u00a0\u00a0\u00a0\u00a0\u00a0\u00a0\u00a0\u00a0\u00a0\u00a0\u00a0\u00a0\u00a0\u00a0\u00a0\u00a0\u00a0\u00a0\u00a0\u00a0\u00a0\u00a0\u00a0\u00a0\u00a0\u00a0\u00a0\u00a0\u00a0\u00a0\u00a0\u00a0\u00a0\u00a0\u00a0 Auf Gr\u00fcnland sorgt FELS Mischkalk 50 -feucht- f\u00fcr eine aktive Grasnarbe und beugt der Verfilzung und Vermoosung vor. Durch den kurzzeitig hohen pH-Wert von &gt; pH 12 wird die Weidehygiene verbessert.\u00a0\u00a0 Fels Mischkalk 50 feucht hat eine feucht-kr\u00fcmelige Struktur, wird mit dem Kipper-LKW transportiert und kann mit der herk\u00f6mmlichen Feuchtkalktechnik staubarm ausgebracht werden.<\/p>\n","protected":false},"excerpt":{"rendered":"<p>\u00a0 S\u00f6hlder Kreidekalk: Dieser sogenannte kohlensaure Kalk wird aus den S\u00f6hlder Kreidekalk Vorkommen gewonnen und in verschiedenen Vermahlungen angeboten. Fein gemahlen oder staubarm mit der K\u00f6rnung 0 \u2013 4 mm werden gern in der Landwirtschaft eingesetzt. Die Staubarme k\u00f6rnige Variante erm\u00f6glicht Streubreiten bis 24 m. S\u00f6hlder Kreidekalk hat eine hohe Reaktivit\u00e4t und ist sehr weich. &hellip; <a href=\"https:\/\/naturduenger.bio\/index.php\/verschiedene-duengekalke\/\" class=\"more-link\"><span class=\"screen-reader-text\">\u201eVerschiedene D\u00fcngekalke\u201c <\/span>weiterlesen<\/a><\/p>\n","protected":false},"author":1,"featured_media":0,"parent":0,"menu_order":0,"comment_status":"closed","ping_status":"closed","template":"","meta":{"footnotes":""},"class_list":["post-89","page","type-page","status-publish","hentry"],"_links":{"self":[{"href":"https:\/\/naturduenger.bio\/index.php\/wp-json\/wp\/v2\/pages\/89","targetHints":{"allow":["GET"]}}],"collection":[{"href":"https:\/\/naturduenger.bio\/index.php\/wp-json\/wp\/v2\/pages"}],"about":[{"href":"https:\/\/naturduenger.bio\/index.php\/wp-json\/wp\/v2\/types\/page"}],"author":[{"embeddable":true,"href":"https:\/\/naturduenger.bio\/index.php\/wp-json\/wp\/v2\/users\/1"}],"replies":[{"embeddable":true,"href":"https:\/\/naturduenger.bio\/index.php\/wp-json\/wp\/v2\/comments?post=89"}],"version-history":[{"count":2,"href":"https:\/\/naturduenger.bio\/index.php\/wp-json\/wp\/v2\/pages\/89\/revisions"}],"predecessor-version":[{"id":93,"href":"https:\/\/naturduenger.bio\/index.php\/wp-json\/wp\/v2\/pages\/89\/revisions\/93"}],"wp:attachment":[{"href":"https:\/\/naturduenger.bio\/index.php\/wp-json\/wp\/v2\/media?parent=89"}],"curies":[{"name":"wp","href":"https:\/\/api.w.org\/{rel}","templated":true}]}}